te the remainder when 259220 is divided by 634.
548
What is the remainder when 222902 is divided by 2143?
30
Calculate the remainder when 85194115 is divided by 6049.
6048
Calculate the remainder when 7552 is divided by 1631.
1028
Calculate the remainder when 159653715 is divided by 42.
39
Calculate the remainder when 51989998 is divided by 3713566.
74
What is the remainder when 2292092 is divided by 71?
70
Calculate the remainder when 2519 is divided by 1717.
802
Calculate the remainder when 8958174 is divided by 3234.
3228
What is the remainder when 340737 is divided by 5013?
4866
Calculate the remainder when 18863421 is divided by 1886336.
61
What is the remainder when 14705 is divided by 2614?
1635
What is the remainder when 1858073 is divided by 464498?
81
Calculate the remainder when 352225 is divided by 70351.
470
What is the remainder when 28607553 is divided by 180?
153
Calculate the remainder when 81531113 is divided by 423.
401
What is the remainder when 7267621 is divided by 1043?
1040
Calculate the remainder when 207730 is divided by 1303.
553
Calculate the remainder when 1653794 is divided by 1024.
34
What is the remainder when 71483890 is divided by 13?
10
What is the remainder when 220933 is divided by 349?
16
What is the remainder when 38495 is divided by 1724?
567
Calculate the remainder when 32046635 is divided by 63.
47
What is the remainder when 380285 is divided by 17259?
587
Calculate the remainder when 425541011 is divided by 4524.
4523
What is the remainder when 225379407 is divided by 590?
587
What is the remainder when 2518072 is divided by 4587?
4396
What is the remainder when 765863 is divided by 2775?
2738
Calculate the remainder when 2165835 is divided by 1787.
1778
What is the remainder when 3998473 is divided by 36?
25
What is the remainder when 244014 is divided by 23533?
8684
Calculate the remainder when 416183 is divided by 7301.
26
What is the remainder when 2629021 is divided by 2628988?
33
Calculate the remainder when 181044 is divided by 60323.
75
What is the remainder when 2600136 is divided by 539?
0
Calculate the remainder when 1644901 is divided by 508.
505
What is the remainder when 2664974 is divided by 444158?
26
Calculate the remainder when 8861366 is divided by 17.
14
What is the remainder when 33513 is divided by 2944?
1129
What is the remainder when 4652707 is divided by 122437?
101
What is the remainder when 33045731 is divided by 1566?
1565
What is the remainder when 4983149 is divided by 16?
13
Calculate the remainder when 37999 is divided by 2705.
129
Calculate the remainder when 71768813 is divided by 49.
32
What is the remainder when 4811858 is divided by 2608?
98
Calculate the remainder when 200242 is divided by 4450.
4442
What is the remainder when 37559869 is divided by 7614?
7
What is the remainder when 1178961 is divided by 2132?
2097
Calculate the remainder when 26349243 is divided by 26349230.
13
Calculate the remainder when 626910 is divided by 719.
661
Calculate the remainder when 4280550 is divided by 76438.
22
Calculate the remainder when 8212778 is divided by 10779.
9959
Calculate the remainder when 76514 is divided by 177.
50
Calculate the remainder when 1833507 is divided by 305581.
21
Calculate the remainder when 14192903 is divided by 337926.
11
What is the remainder when 11487219 is divided by 4544?
4531
Calculate the remainder when 6229885 is divided by 7524.
13
Calculate the remainder when 4101020 is divided by 141414.
14
Calculate the remainder when 275253662 is divided by 91751214.
20
What is the remainder when 22532552 is divided by 770?
42
Calculate the remainder when 787822 is divided by 328.
294
Calculate the remainder when 164317504 is divided by 14606.
4
What is the remainder when 1309451 is divided by 48?
11
What is the remainder when 58177350 is divided by 49?
42
What is the remainder when 9808 is divided by 1808?
768
What is the remainder when 10558 is divided by 5006?
546
What is the remainder when 5421 is divided by 5263?
158
Calculate the remainder when 25911 is divided by 9245.
7421
What is the remainder when 3772758 is divided by 534?
48
What is the remainder when 3050543 is divided by 147?
146
What is the remainder when 15588091 is divided by 623?
8
Calculate the remainder when 406307 is divided by 2257.
47
What is the remainder when 73302 is divided by 10070?
2812
Calculate the remainder when 235637950 is divided by 344.
14
What is the remainder when 8254650 is divided by 276?
42
What is the remainder when 2197171 is divided by 798?
277
What is the remainder when 44728 is divided by 1056?
376
What is the remainder when 125963 is divided by 41863?
374
What is the remainder when 608155 is divided by 11924?
31
What is the remainder when 206054 is divided by 6431?
262
What is the remainder when 18809323 is divided by 687?
637
What is the remainder when 3618101 is divided by 702?
695
What is the remainder when 49532229 is divided by 626?
605
What is the remainder when 133638 is divided by 16?
6
Calculate the remainder when 2820299 is divided by 939335.
2294
Calculate the remainder when 1320667 is divided by 63.
61
Calculate the remainder when 1387577 is divided by 823.
822
What is the remainder when 82362991 is divided by 8861?
8857
What is the remainder when 2010608 is divided by 1701?
26
What is the remainder when 5955101 is divided by 97?
77
Calculate the remainder when 4399528 is divided by 215.
198
What is the remainder when 8662 is divided by 5624?
3038
Calculate the remainder when 4259809 is divided by 5285.
99
Calculate the remainder when 456427 is divided by 41.
15
What is the remainder when 198357 is divided by 1288?
5
What is the remainder when 4395383 is divided by 14?
13
What is the remainder when 347421 is divided by 347404?
17
What is the remainder when 35153507 is divided by 3493?
3448
Calculate the remainder when 1296329 is divided by 23567.
144
What is the remainder when 1057658 is divided by 153?
122
What is the remainder when 36785457 is divided by 9196363?
5
Calculate the remainder when 16722 is divided by 8197.
328
What is the remainder when 1009616 is divided by 1626?
1496
What is the remainder when 174173 is divided by 2045?
348
What is the remainder when 2499585 is divided by 436?
433
Calculate the remainder when 125834945 is divided by 2318.
2315
Calculate the remainder when 4068070 is divided by 991.
15
What is the remainder when 709519 is divided by 1528?
527
Calculate the remainder when 3697528 is divided by 246459.
643
Calculate the remainder when 543044927 is divided by 39.
35
What is the remainder when 1187857 is divided by 148478?
33
Calculate the remainder when 69299791 is divided by 23.
9
What is the remainder when 288569 is divided by 6263?
471
What is the remainder when 1162510 is divided by 358?
84
What is the remainder when 10687 is divided by 9991?
696
Calculate the remainder when 3582140 is divided by 88.
12
What is the remainder when 540434 is divided by 12282?
26
Calculate the remainder when 180862 is divided by 499.
224
What is the remainder when 4009431 is divided by 7?
6
Calculate the remainder when 2063021 is divided by 1031508.
5
Calculate the remainder when 2521438 is divided by 41.
20
What is the remainder when 19759 is divided by 217?
12
Calculate the remainder when 147560 is divided by 16384.
104
Calculate the remainder when 1625951 is divided by 134.
129
Calculate the remainder when 2756692 is divided by 918880.
52
Calculate the remainder when 2602453 is divided by 6.
1
What is the remainder when 23672986 is divided by 3216?
10
Calculate the remainder when 12104 is divided by 376.
72
Calculate the remainder when 130697745 is divided by 28.
17
What is the remainder when 11790480 is divided by 839?
13
What is the remainder when 127512 is divided by 1129?
1064
What is the remainder when 2530092 is divided by 2805?
2787
What is the remainder when 11622433 is divided by 3874143?
4
What is the remainder when 316379 is divided by 15425?
7879
Calculate the remainder when 31521357 is divided by 537.
531
What is the remainder when 32645 is divided by 298?
163
Calculate the remainder when 1001698173 is divided by 23.
11
Calculate the remainder when 31572400 is divided by 29.
13
Calculate the remainder when 176